Convert -1432624 (base 7) to base 15.
-3c31d
Convert -1465975 (base 10) to base 15.
-1de56a
What is 103926 (base 10) in base 12?
50186
-8701560 (base 9) to base 2
-10001110011001011001011
What is -1315762 (base 8) in base 14?
-97d74
What is -48b748 (base 12) in base 6?
-41152532
What is 110010111010100101 (base 2) in base 10?
208549
Convert 14212441 (base 5) to base 15.
2dc31
What is 441130 (base 9) in base 2?
1000000010001101101
-265486 (base 9) to base 2
-100111011011100111
What is 103a91 (base 11) in base 15?
34454
Convert -1405542233 (base 6) to base 9.
-35113143
1543405 (base 6) to base 12
44b65
-500546 (base 7) to base 2
-10100100101011010
Convert -3b72bb (base 13) to base 3.
-2201100200120
Convert 4223041 (base 6) to base 4.
302022001
4323343 (base 5) to base 14
1cb70
Convert -605a01 (base 11) to base 12.
-3ab910
-24552006 (base 7) to base 16
-21ca0e
Convert -14425455 (base 6) to base 5.
-112022030
Convert -40174020 (base 8) to base 2.
-100000001111100000010000
Convert 11200221212 (base 3) to base 4.
112212020
-136260 (base 12) to base 2
-1001110100011101000
Convert -12026163 (base 7) to base 2.
-100000100001101000011
Convert -2a1257 (base 12) to base 9.
-1286864
What is 1011001011111001100001 (base 2) in base 12?
b94b41
Convert 1db958 (base 15) to base 6.
51120045
Convert b6c44a (base 15) to base 12.
2ab5921
Convert 4112 (base 15) to base 6.
143342
What is 54440211 (base 6) in base 12?
663067
Convert 1414030410 (base 5) to base 4.
31331013312
What is 103788 (base 9) in base 3?
10010212222
What is 92957 (base 15) in base 13?
133555
Convert 1b3ff (base 16) to base 15.
23110
What is -1357712 (base 8) in base 7?
-3162235
-9641 (base 11) to base 14
-490a
Convert 6211222 (base 7) to base 5.
142223431
-1242433 (base 6) to base 3
-10110021010
Convert -266110 (base 8) to base 2.
-10110110001001000
-110012232 (base 4) to base 3
-11011222000
188019 (base 12) to base 4
1220220111
What is -132516 (base 10) in base 4?
-200112210
What is -38609a (base 11) in base 5?
-123432001
Convert 153637 (base 9) to base 12.
46881
What is 125a0aa (base 11) in base 7?
24350361
26db0 (base 14) to base 12
4767a
Convert -82a31 (base 11) to base 7.
-1012604
What is 440433 (base 8) in base 6?
3055551
Convert -2310473 (base 9) to base 12.
-501770
Convert -1130322240 (base 5) to base 2.
-1001111000000110001110
What is -133214544 (base 6) in base 16?
-28da40
Convert -84245 (base 13) to base 11.
-152625
-1210402004 (base 5) to base 8
-12616046
What is 11000011111110101011 (base 2) in base 10?
802731
What is 163341 (base 11) in base 9?
425412
Convert -3354302 (base 7) to base 8.
-1456176
What is 604258 (base 9) in base 6?
11354425
What is 4b589 (base 14) in base 15?
39bee
Convert 11121012221211 (base 3) to base 8.
11247352
Convert 520501 (base 6) to base 11.
29327
What is 2d870f (base 16) in base 8?
13303417
Convert -101101101111001000100 (base 2) to base 9.
-2733733
10211002202 (base 3) to base 5
4401121
What is -8636 (base 10) in base 16?
-21bc
-44565 (base 8) to base 4
-10211311
-3e4ca (base 16) to base 7
-2111650
Convert 1594451 (base 11) to base 15.
389434
Convert 14a2b (base 16) to base 8.
245053
2ce6a9 (base 15) to base 4
20103000201
Convert 288613 (base 12) to base 3.
1021110101120
91408 (base 14) to base 15
6d755
Convert -1020143120 (base 5) to base 13.
-590b2b
What is -1001010111010111011 (base 2) in base 4?
-1022322323
6cf1cd (base 16) to base 4
123033013031
15c793 (base 13) to base 5
114314030
-4beac8 (base 15) to base 6
-210034355
Convert -636472 (base 8) to base 9.
-353168
Convert 1761055 (base 10) to base 6.
101425011
166022564 (base 7) to base 11
6499347
What is 27250 (base 14) in base 5?
11042002
What is 104071 (base 10) in base 4?
121122013
Convert 20001440 (base 6) to base 11.
352a24
Convert -71692 (base 10) to base 4.
-101200030
73904 (base 12) to base 3
21201000011
Convert 1744760 (base 8) to base 10.
510448
What is 218eb2 (base 15) in base 8?
6064314
Convert -5132a (base 13) to base 6.
-3041453
What is -12048047 (base 9) in base 12?
-1b7572a
What is 110000110011000001100 (base 2) in base 8?
6063014
Convert 141100 (base 5) to base 12.
3413
111301002 (base 4) to base 13
31770
What is -9781915 (base 10) in base 4?
-211110022123
107516 (base 9) to base 13
23511
142398 (base 10) to base 14
39c74
Convert -3581045 (base 9) to base 8.
-7322452
64841 (base 16) to base 12
17a315
110120201112201 (base 3) to base 12
22a5801
13202121223 (base 4) to base 16
1e266b
Convert 16c2b (base 16) to base 10.
93227
-51778 (base 10) to base 16
-ca42
241430004 (base 5) to base 6
40030322
Convert 31a84b (base 15) to base 11.
1375429
What is -6c24 (base 13) in base 11?
-104a5
Convert -211102001100 (base 3) to base 14.
-b6a5b
What is -51501674 (base 8) in base 11?
-6183967
-10121000001 (base 3) to base 16
-1143a
46bb7e (base 15) to base 2
1100111001011011101001
Convert -2248440 (base 9) to base 11.
-759726
What is 21342111 (base 5) in base 15?
397db
-11011100111101100100 (base 2) to base 10
-905060
Convert -20025576 (base 8) to base 13.
-b43233
What is 131033030121 (base 4) in base 8?
35171431
What is -6160137 (base 9) in base 4?
-30202202020
-220104002 (base 5) to base 6
-32101023
Convert 31114142 (base 5) to base 2.
111110000101011001
103432 (base 5) to base 16
e21
What is -470407 (base 8) in base 15?
-32622
Convert 3204361 (base 8) to base 16.
d08f1
1756606 (base 10) to base 7
20634205
What is 1956398 (base 11) in base 7?
40033544
What is -1652aa (base 12) in base 16?
-5d562
What is 3000202333 (base 4) in base 11?
4995a4
-177554 (base 9) to base 2
-11010111111000101
What is -14586 (base 11) in base 13?
-9537
What is 121012001 (base 4) in base 8?
310601
Convert -61794 (base 13) to base 15.
-36c2c
What is 56bc78 (base 13) in base 14?
3b6833
133012032 (base 4) to base 2
11111000110001110
-214244411 (base 5) to base 11
-586714
Convert 110111001100000011 (base 2) to base 13.
7bb77
Convert -11113 (base 15) to base 6.
-1055043
What is 2021133110 (base 5) in base 14?
78424a
Convert -101002121221212 (base 3) to base 5.
-2333204023
What is 2264520 (base 8) in base 5?
124214114
Convert -3b07c (base 15) to base 4.
-232022331
1220011323 (base 4) to base 9
718766
Convert -5042053 (base 7) to base 4.
-2102020231
1608600 (base 9) to base 13
253056
Convert -195d82 (base 16) to base 14.
-313b46
Convert 1162405 (base 9) to base 5.
130203033
1212066 (base 10) to base 3
2021120122100
1000000101101101000 (base 2) to base 10
265064
-21221032 (base 5) to base 7
-1345242
Convert abd73 (base 15) to base 5.
114441113
Convert 69b83 (base 14) to base 12.
104bb3
Convert -31447532 (base 8) to base 12.
-22b424a
Convert -20c671 (base 13) to base 3.
-1110010022121
What is 20012012202 (base 3) in base 6?
2340202
What is -1134134 (base 8) in base 15?
-619ca
Convert -1123423 (base 6) to base 11.
-3a4a4
What is -2142534 (base 6) in base 13?
-39877
-3303b1 (base 16) to base 6
-155354053
What is -22242440 (base 5) in base 3?
-100222201020
Convert 3332520 (base 6) to base 15.
34ac3
Convert -5544122 (base 6) to base 4.
-1003323302
-5c75d8 (base 14) to base 13
-87013b
What is 12002122012011 (base 3) in base 12?
aa7927
Convert -524130 (base 11) to base 8.
-3150517
a06583 (base 12) to base 2
1001100010001110110011
What is 5262 (base 16) in base 13?
97a4
58a49b (base 14) to base 12
101a575
eaccd (base 16) to base 5
221233431
Convert 101110202222211 (base 3) to base 5.
2411102120
What is -112103322 (base 4) in base 3?
-11122100200
What is 100442331 (base 5) in base 2?
1100011000111001110
What is -2002022233 (base 4) in base 3?
-1000002100221
Convert 14220401 (base 5) to base 3.
21112022212
What is 2260650 (base 9) in base 10?
1220877
768929 (base 10) to base 8
2735641
Convert 91a564 (base 14) to base 2.
10010101110000101001100
Convert 214055 (base 7) to base 9.
56305
-1011010001010011101011 (base 2) to base 7
-34053426
What is 22d44 (base 14) in base 3?
11022111111
What is -381072 (base 9) in base 3?
-102201002102
What is -10101000111011001101 (base 2) in base 13?
-1b2c25
-100104 (base 6) to base 13
-3733
What is -104010 (base 7) in base 12?
-a636
What is -130302301231 (base 4) in base 8?
-34626155
-87669 (base 13) to base 4
-323303220
-31020344 (base 7) to base 6
-131325455
Convert -1cd8 (base 16) to base 14.
-2996
Co